{"id":15,"date":"2019-04-13T00:38:29","date_gmt":"2019-04-13T00:38:29","guid":{"rendered":"http:\/\/www.sanitas.com.mx\/?page_id=15"},"modified":"2019-04-13T00:38:29","modified_gmt":"2019-04-13T00:38:29","slug":"sanitas-toallas-interdoblada","status":"publish","type":"page","link":"https:\/\/despachadores.net\/?page_id=15","title":{"rendered":"Sanitas toallas Interdobladas"},"content":{"rendered":"\n<figure class=\"wp-block-image size-large\"><img loading=\"lazy\" decoding=\"async\" width=\"500\" height=\"350\" src=\"https:\/\/www.sanitas.com.mx\/wp-content\/uploads\/2019\/05\/toalla-interdoblada-sanitas-92231.jpg\" alt=\"sanitas, tolla interdoblada, con 2000 pzs. con 20 paquetes de 100 pzs hoja doble\" class=\"wp-image-109\" srcset=\"https:\/\/despachadores.net\/wp-content\/uploads\/2019\/05\/toalla-interdoblada-sanitas-92231.jpg 500w, https:\/\/despachadores.net\/wp-content\/uploads\/2019\/05\/toalla-interdoblada-sanitas-92231-300x210.jpg 300w\" sizes=\"auto, (max-width: 500px) 100vw, 500px\" \/><\/figure>\n\n\n\n<p class=\"has-medium-font-size\">Sanitas, toalla interdoblada con 2000 pzs. con 20 paq. de 100 pzs. <\/p>\n\n\n\n<h2 class=\"wp-block-heading\"><br>Contamos con las marcas Kimberly Clark, Sanitas, Soft &amp; White<\/h2>\n\n\n\n<h5 class=\"wp-block-heading\">Sin embargo, si la marca de su toalla interdoblada no se encuentra enunciada, h\u00e1blenos, con gusto le atenderemos.<\/h5>\n\n\n\n<h5 class=\"wp-block-heading\">As\u00ed como tener el equipo de despachador que usted requiere para su empresa, sin embargo si quiere una consulta y desea la muestra de toalla interdoblada y de los despachadores, puede solicitarlos. As\u00ed mismo puede verlos en la pagina de despachadores. Es la mejor opci\u00f3n, no se arrepentir\u00e1<\/h5>\n\n\n\n<h5 class=\"wp-block-heading\">Entregamos a domicilio sin costo<\/h5>\n\n\n\n<h4 class=\"has-text-align-center wp-block-heading\">Tel. 55 5633 1240 y 55 5634 0799<\/h4>\n\n\n\n<div class=\"wp-block-image\"><figure class=\"aligncenter is-resized\"><img loading=\"lazy\" decoding=\"async\" src=\"https:\/\/www.sanitas.com.mx\/wp-content\/uploads\/2020\/02\/WhatApp.png\" alt=\"5531031777\" width=\"80\" height=\"80\"\/><\/figure><\/div>\n\n\n\n<h4 class=\"has-text-align-center wp-block-heading\">WhatsApp 55 3103 1777<\/h4>\n\n\n\n<div class=\"wp-block-button aligncenter\"><a class=\"wp-block-button__link\" href=\"sanitas.com.mx\">INICIO<\/a><\/div>\n\n\n\n<div class=\"wp-block-button aligncenter\"><a class=\"wp-block-button__link\" href=\"https:\/\/www.sanitas.com.mx\/sanitas\/despachadores-dispensadores\/\">DESPACHADORES<\/a><\/div>\n\n\n\n<p><\/p>\n","protected":false},"excerpt":{"rendered":"<p>Sanitas, toalla interdoblada con 2000 pzs. con 20 paq. de 100 pzs. Contamos con las marcas Kimberly Clark, Sanitas, Soft &amp; White Sin embargo, si la marca de su toalla interdoblada no se encuentra enunciada, h\u00e1blenos, con gusto le atenderemos. As\u00ed como tener el equipo de despachador que usted requiere para su empresa, sin embargo [&hellip;]<\/p>\n","protected":false},"author":2,"featured_media":0,"parent":0,"menu_order":0,"comment_status":"closed","ping_status":"closed","template":"","meta":{"_genesis_hide_title":false,"_genesis_hide_breadcrumbs":false,"_genesis_hide_singular_image":false,"_genesis_hide_footer_widgets":false,"_genesis_custom_body_class":"","_genesis_custom_post_class":"","_genesis_layout":"content-sidebar","footnotes":""},"class_list":{"0":"post-15","1":"page","2":"type-page","3":"status-publish","5":"entry"},"_links":{"self":[{"href":"https:\/\/despachadores.net\/index.php?rest_route=\/wp\/v2\/pages\/15","targetHints":{"allow":["GET"]}}],"collection":[{"href":"https:\/\/despachadores.net\/index.php?rest_route=\/wp\/v2\/pages"}],"about":[{"href":"https:\/\/despachadores.net\/index.php?rest_route=\/wp\/v2\/types\/page"}],"author":[{"embeddable":true,"href":"https:\/\/despachadores.net\/index.php?rest_route=\/wp\/v2\/users\/2"}],"replies":[{"embeddable":true,"href":"https:\/\/despachadores.net\/index.php?rest_route=%2Fwp%2Fv2%2Fcomments&post=15"}],"version-history":[{"count":0,"href":"https:\/\/despachadores.net\/index.php?rest_route=\/wp\/v2\/pages\/15\/revisions"}],"wp:attachment":[{"href":"https:\/\/despachadores.net\/index.php?rest_route=%2Fwp%2Fv2%2Fmedia&parent=15"}],"curies":[{"name":"wp","href":"https:\/\/api.w.org\/{rel}","templated":true}]}}